 - 10*i - 33. What are the prime factors of q(-9)?
2, 3, 79
Suppose 0 = 84*o - 89*o + 2990. List the prime factors of o.
2, 13, 23
Suppose 7*l - 2148 = -5*l. What are the prime factors of l?
179
Let a(g) = -g - 2898. Let p be a(0). List the prime factors of p/(-24) + (-3)/(-12).
11
Let m be (-26)/39 + (-112)/(-6). Suppose 4*i + m = 2*s, -3 = -s - 3*i - 4. What are the prime factors of s?
5
Let f = -290 - -437. Suppose 8*v - f = v. List the prime factors of v.
3, 7
Let v = 11 - 9. Suppose v*k = -4*w - k + 11, k + 8 = w. Suppose -4*t - w*s = -20, 5*s = 2*t - 29 - 11. What are the prime factors of t?
2, 5
Suppose 2*a + 13 = 31. Let d(k) = -8*k**2 - 18 - 6*k**3 + 7*k**3 + a*k - k**2. List the prime factors of d(9).
3, 7
Let b(y) = 65*y - 57. List the prime factors of b(15).
2, 3, 17
Let q = -419 - -701. List the prime factors of q.
2, 3, 47
Suppose 0 = 18*f - 4997 - 18781. What are the prime factors of f?
1321
Suppose 2*q - 5*m = 25, 2*q - 4*m = -0*q + 26. Suppose 0*a = -3*a + q. Suppose -2*g = -a - 21. List the prime factors of g.
13
Let o be ((0 + -1)*706)/(-2). Suppose -2*t + 4*k + 121 = -t, 0 = -3*t + 2*k + o. What are the prime factors of t?
3, 13
Suppose 5*y + z - 582 = 0, 0 = -2*y + 3*y - z - 114. Let v = y + -68. List the prime factors of v.
2, 3
Suppose -5*t + 44 = -t. Let r(a) = -t*a - 3 - 7 + a + 3. List the prime factors of r(-9).
83
Suppose 765*z = 774*z - 20988. What are the prime factors of z?
2, 11, 53
Suppose 4*m - 2*b - 28 = 0, 0*m + 4*b + 41 = 5*m. Let y = 63 + -44. Let s = m + y. What are the prime factors of s?
2, 3
Suppose 265 = c - 520. Suppose 0 = -12*v + 3185 - c. List the prime factors of v.
2, 5
Suppose -1269 = -3*n + 30*k - 27*k, -n + 3*k + 429 = 0. List the prime factors of n.
2, 3, 5, 7
Let g(w) = w**2 + 21*w + 62. List the prime factors of g(-22).
2, 3, 7
Suppose f = 2*o + 3, 5*o + 2*f + 6 = 4*f. Suppose o*r = -4*r + 292. List the prime factors of r.
73
List the prime factors of (-58)/203 - ((-19945)/7 - -3).
2, 1423
Let o(w) = -w**2 + 12*w - 8. Let n = -1 - -4. Suppose -2*p - 50 = -5*p + 4*g, -n*p + 10 = 4*g. What are the prime factors of o(p)?
2, 3
Suppose 0 = 4*y - 2*y + 762. What are the prime factors of y*(-5)/(-5)*(-2)/6?
127
Let p(x) = -x**2 - 9*x + 10. Let k be p(-10). Let y be (2 + -3)*(-7 - k). Suppose 2*h + y = 121. What are the prime factors of h?
3, 19
Let r(o) = -15*o**2 - 3*o + 1. Let t(c) = -31*c**2 - 7*c + 3. Let a(h) = -5*r(h) + 2*t(h). Suppose -4 = -2*n - 0. List the prime factors of a(n).
5, 11
Suppose 564 = 5*c + 5*o - 1941, -2*c = 3*o - 999. Let u = -286 + c. List the prime factors of u.
2, 109
Let b(w) = -6*w**2 - 3*w - 1. Let o be b(3). Suppose 8*r = 3*r - 115. Let j = r - o. List the prime factors of j.
41
Let a(w) be the second derivative of w**5/20 + 7*w**4/12 + 5*w**3/6 - w**2 - 3*w. Let r be a(-6). Suppose r*d - 42 = 42. What are the prime factors of d?
3, 7
Let f(j) = -j**3 + 15*j**2 - 8*j - 3. Let k(m) = m**2. Let h(l) = -f(l) + 5*k(l). Let v be h(8). Let n = -43 - v. What are the prime factors of n?
2, 3
Let u = -542 + 1822. List the prime factors of u.
2, 5
Let w = -19 - -23. Suppose 68 = -w*r + 5*r. List the prime factors of r.
2, 17
Let k(x) = -2*x**3 + 18*x**2 - 13*x + 9. Suppose -8*u = -64 - 0. What are the prime factors of k(u)?
3, 11
Let b(t) = -t**3 - 9*t - 1 - 2*t**2 + 0 - 10*t + 23*t. Suppose 2 + 2 = -j. List the prime factors of b(j).
3, 5
Let p be (-4)/((-4)/(-1)) + 3. Suppose -a = p*a + 54. Let q = a + 42. List the prime factors of q.
2, 3
Let c = -1148 - -2115. List the prime factors of c.
967
Let u(k) = -2*k**3 - 10*k**2 + 16*k - 14. Let z(o) = -o**3. Let d(m) = -u(m) + 3*z(m). What are the prime factors of d(7)?
7
Suppose -w - 1 = 15. Let y = -11 - w. Suppose 43 = y*o - 72. What are the prime factors of o?
23
Let p(h) = -h**3 - 4*h**2 + 2*h. Let n be p(-4). Let f(d) = 6*d + 13. Let z be f(n). Let u = z - -54. List the prime factors of u.
19
Let w be (0 - -2 - -1)*23. Suppose -w = -v - 20. What are the prime factors of v?
7
Let z(s) = 2*s - 8*s**2 - 5 + s**3 - 5 + 18. List the prime factors of z(9).
107
Let q(t) be the first derivative of -201*t**4/4 - t**3/3 - t**2 - 2*t - 28. List the prime factors of q(-1).
2, 5
Let s = 2 + 7. Let b(g) = -3*g + 3 - 2*g + s*g**2 + g**3 + 4*g**3 - 6*g**3. What are the prime factors of b(8)?
3
Suppose 0 = -3*w + 6*w + 12. List the prime factors of 2 - (152/w + 0).
2, 5
Let g(f) = f**3 + 2*f**2 + 2*f - 16. What are the prime factors of g(7)?
439
Suppose -2528 = -3*x - 5*d, 3*x - 4*d - 1441 = 1132. What are the prime factors of x?
23, 37
Let b be ((-21)/(-7))/(1 - (-1130)/(-1136)). List the prime factors of b/(30/(-5)*3/(-9)).
2, 71
Suppose 0 = -4*c - 6*u + 2*u - 184, -3*c - 4*u - 137 = 0. What are the prime factors of 2*(c/(-2) + -2)?
43
Suppose -25 + 205 = 3*t. Suppose -p - 3*p + t = 0. List the prime factors of p.
3, 5
Let x(i) be the second derivative of i**5/10 + i**3/6 + 45*i**2/2 - 15*i. What are the prime factors of x(0)?
3, 5
Suppose 4*l = 5*f + 337, 4*l + 6*f = 8*f + 346. Suppose -4*c - c = -25. Suppose -c*y + l = -y. List the prime factors of y.
2, 11
Let m(o) = -67*o + 4. Let a be m(-1). Suppose 0 = 3*t - 4*f - 119, -a = -2*t + 2*f + 9. List the prime factors of t.
41
Suppose -2179 = -5*f - t, 4*t + t = 2*f - 850. List the prime factors of f.
3, 5, 29
Suppose 3*i = -3*i + 54. Suppose -t - 2 + i = 0. List the prime factors of t.
7
Let w(x) = -x. Let m be w(-4). Let b(g) = 19*g**2 - 10*g - 6. Let z(f) = 9*f**2 - 5*f - 3. Let d(i) = -6*b(i) + 13*z(i). What are the prime factors of d(m)?
5
Let u(t) = 2*t**2 + 3*t**2 + t + 2 - t**2 - 5*t**2. Let c be u(2). List the prime factors of (c + -1)*(-10 + 5).
5
Let i = 208 - -445. What are the prime factors of i?
653
Suppose 375 = 5*a - 75. What are the prime factors of a?
2, 3, 5
Let l = 489 + 334. List the prime factors of l.
823
What are the prime factors of 747/36*((-72)/(-3) - 0)?
2, 3, 83
Let g = 0 - 7. Let p be (-6)/(-14) - 151/g. Let a = 30 - p. What are the prime factors of a?
2
Let i(n) = -n**3 - 14*n**2 - 17*n - 5. Let w = -15 + 2. What are the prime factors of i(w)?
47
Suppose -y + 2*y - 3 = 0, s = y + 16. Let j = s - 9. Suppose c = -4*l - j + 74, c = -2*l + 70. What are the prime factors of c?
2, 19
Let c = -31 + 31. Suppose c*z = 8*z - 864. What are the prime factors of z?
2, 3
Let v(j) = 12*j + 4. Let y be v(3). Suppose y = 2*t - 24. Let l = -9 + t. List the prime factors of l.
23
Suppose -6*f + 1134 = f. Suppose 0 = 3*q - w - f, -2*q + w + 105 = -4. List the prime factors of q.
53
Suppose -4*s = s - 160. What are the prime factors of s?
2
Let q(u) = -5*u**2 - 14*u + 2. Let g be q(-3). Let w(y) be the second derivative of y**4 - 2*y. List the prime factors of w(g).
2, 3
Let m = -2550 - -4503. What are the prime factors of m?
3, 7, 31
Let d = -241 - -90. Let c = 260 + d. Suppose 4*b = c - 21. What are the prime factors of b?
2, 11
Let k(d) = -d**2 + 5. Let y be k(-6). Let w = 63 + y. List the prime factors of w.
2
Suppose 0 = -3*f + f - 5*m + 1969, f - m - 967 = 0. List the prime factors of f.
2, 3
Suppose i + 5*x - 146 - 1 = 0, 0 = -x - 4. What are the prime factors of i?
167
Suppose 150*w - 157*w = -8981. What are the prime factors of w?
1283
Let u(b) = -4658*b - 3. What are the prime factors of u(-1)?
5, 7, 19
Suppose -5*s + 68 = -j + 661, 4*j = s + 2296. What are the prime factors of j?
3, 191
Let a(t) = 3*t**2 - 37*t + 215. Let q be a(7). Let x be (2/(-4))/((-1)/4). Suppose -2*i + q + 5 = 2*h, -x*i - 2 = 0. List the prime factors of h.
5, 11
Let n = 13 + -19. Let a(p) = -p - 20. Let w be a(n). List the prime factors of (4/3)/(w/(-294)).
2, 7
Let a = 34 - 29. Suppose -3*n + 4*v = -241, a*v + 395 = 6*n - n. List the prime factors of n.
3, 5
Let v(m) = -m**3 - 20*m**2 + 17*m - 48. What are the prime factors of v(-21)?
2, 3
Let u = -243 - -1183. What are the prime factors of u?
2, 5, 47
Let a = -1275 - -2541. List the prime factors of a.
2, 3, 211
What are the prime factors of (39/156)/((-1)/(-2468))?
617
Let n(b) = -b**2 - 6*b - 4. Let g be n(-4). Suppose y = g*y. Suppose -3*u = -4*o - y*o - 103, -4*u = -4*o - 140. List the prime factors of u.
37
Let r(x) = -x**3 - 3*x**2 - 2*x - 5. Let g be r(-4). Let u = g - 15. What are the prime factors of (u/(-10))/((-12)/360)?
2, 